{"version":"1.0","provider_name":"Atelier Klima","provider_url":"https:\/\/tatataaaaa.com\/newklima","author_name":"Sophie Dulau","author_url":"https:\/\/tatataaaaa.com\/newklima\/author\/sophie\/","title":"Photographier l'invisible ~ Atelier Klima","type":"rich","width":600,"height":338,"html":"<blockquote class=\"wp-embedded-content\" data-secret=\"wwt0bwo56K\"><a href=\"https:\/\/tatataaaaa.com\/newklima\/cartographie\/photographier-linvisible\/\">Photographier l&rsquo;invisible<\/a><\/blockquote><iframe sandbox=\"allow-scripts\" security=\"restricted\" src=\"https:\/\/tatataaaaa.com\/newklima\/cartographie\/photographier-linvisible\/embed\/#?secret=wwt0bwo56K\" width=\"600\" height=\"338\" title=\"\u00ab\u00a0Photographier l&rsquo;invisible\u00a0\u00bb &#8212; Atelier Klima\" data-secret=\"wwt0bwo56K\" frameborder=\"0\" marginwidth=\"0\" marginheight=\"0\" scrolling=\"no\" class=\"wp-embedded-content\"><\/iframe><script type=\"text\/javascript\">\n\/* <![CDATA[ *\/\n\/*! This file is auto-generated *\/\n!function(d,l){\"use strict\";l.querySelector&&d.addEventListener&&\"undefined\"!=typeof URL&&(d.wp=d.wp||{},d.wp.receiveEmbedMessage||(d.wp.receiveEmbedMessage=function(e){var t=e.data;if((t||t.secret||t.message||t.value)&&!\/[^a-zA-Z0-9]\/.test(t.secret)){for(var s,r,n,a=l.querySelectorAll('iframe[data-secret=\"'+t.secret+'\"]'),o=l.querySelectorAll('blockquote[data-secret=\"'+t.secret+'\"]'),c=new RegExp(\"^https?:$\",\"i\"),i=0;i<o.length;i++)o[i].style.display=\"none\";for(i=0;i<a.length;i++)s=a[i],e.source===s.contentWindow&&(s.removeAttribute(\"style\"),\"height\"===t.message?(1e3<(r=parseInt(t.value,10))?r=1e3:~~r<200&&(r=200),s.height=r):\"link\"===t.message&&(r=new URL(s.getAttribute(\"src\")),n=new URL(t.value),c.test(n.protocol))&&n.host===r.host&&l.activeElement===s&&(d.top.location.href=t.value))}},d.addEventListener(\"message\",d.wp.receiveEmbedMessage,!1),l.addEventListener(\"DOMContentLoaded\",function(){for(var e,t,s=l.querySelectorAll(\"iframe.wp-embedded-content\"),r=0;r<s.length;r++)(t=(e=s[r]).getAttribute(\"data-secret\"))||(t=Math.random().toString(36).substring(2,12),e.src+=\"#?secret=\"+t,e.setAttribute(\"data-secret\",t)),e.contentWindow.postMessage({message:\"ready\",secret:t},\"*\")},!1)))}(window,document);\n\/* ]]> *\/\n<\/script>\n","description":"Contexte&nbsp;: A l\u2019occasion de Manifesta 13 qui se tiendra en septembre 2020 \u00e0 Marseille, le Parc national des Calanques, en partenariat avec la Fondation Camargo, l\u2019Observatoire des Sciences de l\u2019Univers \u2013 Institut Pyth\u00e9as et le Minist\u00e8re de la Culture, ont command\u00e9 \u00e0 l\u2019artiste Nicolas Floc\u2019h une \u0153uvre sur le territoire sous-marin du Parc des Calanques. [&hellip;]"}

Contexte&nbsp;: A l’occasion de Manifesta 13 qui se tiendra en septembre 2020 à Marseille, le Parc national des Calanques, en partenariat avec la Fondation Camargo, l’Observatoire des Sciences de l’Univers – Institut Pythéas et le Ministère de la Culture, ont commandé à l’artiste Nicolas Floc’h une œuvre sur le territoire sous-marin du Parc des Calanques. [&hellip;]
